{"id":1107,"date":"2020-01-04T14:40:31","date_gmt":"2020-01-04T16:40:31","guid":{"rendered":"http:\/\/therapystudio.eu\/?page_id=1107"},"modified":"2021-12-13T13:29:07","modified_gmt":"2021-12-13T15:29:07","slug":"indikacijos-ir-kontraindikacijos","status":"publish","type":"page","link":"http:\/\/therapystudio.eu\/?page_id=1107","title":{"rendered":"Indikacijos ir kontraindikacijos"},"content":{"rendered":"\n<p><strong>Vibroakustin\u0117 terapija (VAT) yra saugus ir neinvazinis b\u016bdas \u012fvairi\u0173 negalavim\u0173, skausm\u0173 ar vidinio nerimo suma\u017einimui bei gyvenimo kokyb\u0117s pagerinimui. Nepaisant to, ar jus kamuoja didelis darbo kr\u016bvis ar jau esate pensijoje, turite rimt\u0173 sveikatos sutrikim\u0173 ar esate palyginti sveikas, vibroakustin\u0117 terapija yra galinga relaksacin\u0117 priemon\u0117, kuri pad\u0117s geriau atsipalaiduoti ir sudarys tinkamas s\u0105lygas vidin\u0117ms k\u016bno galioms veikti sveikatinimo kryptimi.<\/strong><\/p>\n\n\n\n<h2>Kaip tai veikia?<\/h2>\n\n\n\n<p>Vibroakustin\u0117\nterapija grind\u017eiama principu, kad viskas aplink mus yra vibracija. Visa\nmaterija, \u012fskaitant ir \u017emogaus k\u016bn\u0105, vis\u0105 laik\u0105 vibruoja \u012fvairiais da\u017eniais.\nGarso ir muzikos da\u017eniai taip pat labai \u012fvair\u016bs. Kai garsiniai da\u017eniai paver\u010diami\nvirpesiais, kuriuos priima \u017emogaus k\u016bnas, jie gali b\u016bti panaudoti sveikam k\u016bno rezonansui\npalaikyti.<\/p>\n\n\n\n<p>Vibroakustin\u0117je\nterapijoje naudojami \u017eemi pulsuojantys da\u017eniai ir gydomoji relaksacin\u0117 muzika, sklindanti\nper specialius garsiakalbius. Kai \u017emogaus k\u016bnas lie\u010diasi su t\u0173 garsiakalbi\u0173 konstrukciniais\npavir\u0161iais, kurie virpa pagal sustiprintos muzikos garsus, k\u016bnas jau\u010dia muzik\u0105 kaip\nvibracij\u0105, o ausys girdi gars\u0105. Vibracijos stimuliuoja nervinius ry\u0161ius i\u0161ilgai\nstuburo kamieno, paveikiama limbin\u0117 sistema. Garsas stimuliuoja smegen\u0173 kamieno\nsmegenis (medul\u0105) ir suaktyvina klausos nerv\u0105, susijungiant\u012f su visais k\u016bno\nraumenimis. \u0160ios reakcijos duoda signal\u0105 k\u016bnui atsipalaiduoti, ir smegenys u\u017eliejamos\nnuotaik\u0105 kelian\u010diomis chemin\u0117mis med\u017eiagomis. Be to, \u017eemas da\u017enio pulsacijos\nsukelia audini\u0173 atsipalaidavim\u0105, kraujagysli\u0173 i\u0161sipl\u0117tim\u0105 ir limfos tak\u0173\natidarym\u0105, o tai savo ruo\u017etu padidina k\u016bno galimybes i\u0161sigydyti.<\/p>\n\n\n\n<h2>Indikacijos<\/h2>\n\n\n\n<p>De\u0161im\u010di\u0173 t\u016bkstan\u010di\u0173 met\u0173 istorijos praktika bei pastarieji 30-40-ties met\u0173 moksliniai vibroakustin\u0117s terapijos tyrimai patvirtino teigiamus \u0161ios terapijos rezultatus, sprend\u017eiant daugel\u012f sveikatos problem\u0173, t.y. jos metu:<\/p>\n\n\n\n<p>\u2022 mal\u0161inamas skausmas<br>\u2022 suma\u017einama raumen\u0173 \u012ftampa ir spazmai<br>\u2022 palengvina kv\u0117pavimo sunkum\u0105<br>\u2022 suma\u017eina padid\u0117jus\u012f kraujosp\u016bd\u012f<br>\u2022 suma\u017eina menopauz\u0117s simptomus<br>\u2022 suma\u017eina Alzheimerio ligos simptomus<br>\u2022 suma\u017eina bendr\u0105 nuovarg\u012f ir i\u0161sekim\u0105<br>\u2022 nuramina psichosomatinius simptomus<br>\u2022 ma\u017eina galvos skausmus, galvos svaigim\u0105<br>\u2022 ma\u017eina spengim\u0105 ausyse<br>\u2022 padeda \u012fvairi\u0173 psichologini\u0173 lig\u0173 gydymui (depresija, nerimo sutrikimai, miego sutrikimai, \u017ealingas elgesys, autizmas)<br>\u2022 \u012fvyksta bendras gilus atsipalaidavimas ir kt.<\/p>\n\n\n\n<p>Vibroakustin\u0117 terapija InovaVMT turi momentin\u012f poveik\u012f, kai negalavimai suma\u017e\u0117ja jau seanso metu, o taip ilgalaik\u012f poveik\u012f, kuris trunka kelias valandas ar kelias dienas po terapijos seanso. Tai yra b\u016bdas be joki\u0173 narkotik\u0173, chemini\u0173 preparat\u0173 ir chirurgin\u0117s intervencijos slopinti skausm\u0105 ir nerim\u0105. Periodi\u0161kai lankydami InovaVMT seansus j\u016bs savo organizmui skirsite daugiau d\u0117mesio ir laiko, taip sudarydami jam palankias s\u0105lygas i\u0161 \u201ekovoti ar b\u0117gti\u201c b\u016bsenos pereiti \u012f ramyb\u0117s b\u016bsen\u0105 ir mobilizuotis savigydai, o tai s\u0105lygos greitesn\u012f pasveikim\u0105 ir geresn\u0119 gyvenimo kokyb\u0119.<\/p>\n\n\n\n<p>Tai puikiai\ntinka \u017emon\u0117ms, norintiems su\u0161velninti \u0161alutin\u012f v\u0117\u017eio ar diabeto gydymo poveik\u012f (neuropatij\u0105,\npykinim\u0105, silpnum\u0105) ir bet kuriems asmenims, ken\u010diantiems nuo streso, \u012ftampos,\ndepresijos, Parkinsono, fibromialgijos, artrito skausm\u0173, skausm\u0173 \u012fvairiose k\u016bno\nvietose bei kamuojamiems nemigos.<\/p>\n\n\n\n<p>Gyvas k\u016bnas\nvisai savo fiziologinei veiklai (kv\u0117pavimui, kraujotakai, \u017eaizdos gydymui ir\nkt.) nuolat naudoja energij\u0105 l\u0105stel\u0117se, kurios juda mikrojudesiais-vibracijomis.\nEsant netik\u0117tai traumai ar imunologiniam procesui, mikrovibracijos pada\u017en\u0117ja,\neikvodamos dar daugiau energijos, v\u0117liau nuvargsta, pradeda l\u0117t\u0117ti, nes\npritr\u016bksta sukauptos vidin\u0117s energijos. Vibroakustin\u0117s terapijos tikslas &#8211;\natkurti prarast\u0105 l\u0105steli\u0173 energij\u0105, stimuliuoti vidinius organizmo rezervus, taip\npagerinant bendr\u0105 paciento sveikat\u0105. Vibroakustin\u0117 garso terapija naudinga\n\u017emogaus sveikatai tiek fiziologiniu, tiek psichologiniu po\u017ei\u016briu. D\u0117l \u017eem\u0173\nvirpesi\u0173 padid\u0117ja l\u0105steli\u0173 jud\u0117jimas, tod\u0117l padid\u0117ja energijos ir l\u0105steli\u0173\nregeneracija k\u016bne, tod\u0117l suma\u017e\u0117ja u\u017edegimas ir skausmas. D\u0117l aktyvaus muzikos\nkomponento pacientai gali lengviau ir giliau atsipalaiduoti, tod\u0117l suma\u017e\u0117ja\npsichologiniai sutrikimai, tokie kaip depresija, auk\u0161tas kraujosp\u016bdis, nerimas\nir pykinimas.<\/p>\n\n\n\n<h2>Kontraindikacijos<\/h2>\n\n\n\n<p>\u0160i terapija nerekomenduotina naudoti \u017emon\u0117ms, kuriems:<\/p>\n\n\n\n<ul><li>implantuoti elektriniai stimuliatoriai, nes vibracijas sukelia magnetinius laukus kuriantys garsiakalbiai,<\/li><li>neseniai atlikta operacija ir (arba) yra atvira \u017eaizda, nes vibroakustika pagreitina kraujotak\u0105, kuri padeda gyti, ta\u010diau atvirai \u017eaizdai reikia duoti laiko u\u017ekre\u0161\u0117ti,<\/li><li>yra \u016bmin\u0117 u\u017edegimin\u0117 b\u016bkl\u0117, pavyzd\u017eiui, sudirgintas stuburo nervas, jau\u010diamas a\u0161trus skausmas, kuris trukdys atsipalaiduoti,<\/li><li>b\u016bdinga hipotenzija \u2013 pernelyg \u017eemas spaudimas, nes vibroakustika dar labiau i\u0161pl\u0119\u010dia kraujagysles (nors pasteb\u0117ta, kad da\u017eniausiai VAT normalizuoja kraujosp\u016bd\u012f),<\/li><li>yra gili\u0173j\u0173 ven\u0173 tromboz\u0117, nes virpesiai gali i\u0161judinti trombus,<\/li><li>n\u0117\u0161\u010diosioms ir vaikams iki 12 met\u0173, i\u0161skyrus atskirus atvejus, <\/li><li>diagnozuota gili psichikos liga.<\/li><\/ul>\n\n\n\n<p>Yra\nteigini\u0173, kad reikia atsargiai naudoti binauralinius da\u017enius, nes jie gali\nsukelti epilepsij\u0105. Pagrindinis epilepsij\u0105 sukeliantis da\u017enis yra devyni ciklai\n(9Hz) per sekund\u0119. Tai i\u0161 tikr\u0173j\u0173 n\u0117ra tiesa, nes dauguma \u017emoni\u0173, sergan\u010di\u0173\nepilepsija, naudoja vaistus, kurie panaikina tokius simptomus. Ir be muzikos yra\ndaug kit\u0173, \u017eymiai stipresni\u0173 aplinkos stimul\u0173, kurie teori\u0161kai gali sukelti\nepilepsijos priepuolius. \u017dmon\u0117s gali s\u0117kmingai lankyti vibroakustinius seansus,\ntiesiog kartu vartoti ir tinkamus vaistus.<\/p>\n\n\n\n<h2>\u012esp\u0117jimas<\/h2>\n\n\n\n<p class=\"has-vivid-red-color has-text-color\">\u0160i terapija yra harmonizuojanti, atpalaiduojanti, raminanti relaksacin\u0117 proced\u016bra. Jos metu negydoma ir nediagnozuojama. Tai atlieka modernioji medicina. <strong>Papildant medicininius metodus InovaVMT terapijos metu sudaromos s\u0105lygos paskatinti veikti j\u016bs\u0173 k\u016bno vidines galias, siekiant greitesnio gydomojo rezultato su ma\u017eesniais pa\u0161aliniais poveikiais.<\/strong> Esant \u016bmiems negalavimams, a\u0161triems skausmams pirmiausia b\u016btina kreiptis \u012f medikus ir tik simptomams apma\u017e\u0117jus, galima prad\u0117ti lankyti \u0161iuos seansus.<\/p>\n","protected":false},"excerpt":{"rendered":"<p>Vibroakustin\u0117 terapija (VAT) yra saugus ir neinvazinis b\u016bdas \u012fvairi\u0173 negalavim\u0173, skausm\u0173 ar vidinio nerimo suma\u017einimui bei gyvenimo kokyb\u0117s pagerinimui. Nepaisant to, ar jus kamuoja didelis darbo kr\u016bvis ar jau esate pensijoje, turite rimt\u0173 sveikatos sutrikim\u0173 ar esate palyginti sveikas, vibroakustin\u0117 terapija yra galinga relaksacin\u0117 priemon\u0117, kuri pad\u0117s geriau atsipalaiduoti ir sudarys tinkamas s\u0105lygas vidin\u0117ms k\u016bno [&hellip;]<\/p>\n","protected":false},"author":1,"featured_media":0,"parent":0,"menu_order":0,"comment_status":"closed","ping_status":"closed","template":"","meta":{"spay_email":""},"_links":{"self":[{"href":"http:\/\/therapystudio.eu\/index.php?rest_route=\/wp\/v2\/pages\/1107"}],"collection":[{"href":"http:\/\/therapystudio.eu\/index.php?rest_route=\/wp\/v2\/pages"}],"about":[{"href":"http:\/\/therapystudio.eu\/index.php?rest_route=\/wp\/v2\/types\/page"}],"author":[{"embeddable":true,"href":"http:\/\/therapystudio.eu\/index.php?rest_route=\/wp\/v2\/users\/1"}],"replies":[{"embeddable":true,"href":"http:\/\/therapystudio.eu\/index.php?rest_route=%2Fwp%2Fv2%2Fcomments&post=1107"}],"version-history":[{"count":6,"href":"http:\/\/therapystudio.eu\/index.php?rest_route=\/wp\/v2\/pages\/1107\/revisions"}],"predecessor-version":[{"id":1282,"href":"http:\/\/therapystudio.eu\/index.php?rest_route=\/wp\/v2\/pages\/1107\/revisions\/1282"}],"wp:attachment":[{"href":"http:\/\/therapystudio.eu\/index.php?rest_route=%2Fwp%2Fv2%2Fmedia&parent=1107"}],"curies":[{"name":"wp","href":"https:\/\/api.w.org\/{rel}","templated":true}]}}