{"id":101,"date":"2019-09-27T13:34:53","date_gmt":"2019-09-27T15:34:53","guid":{"rendered":"http:\/\/therapystudio.eu\/?page_id=101"},"modified":"2022-01-06T08:27:39","modified_gmt":"2022-01-06T10:27:39","slug":"nuorodos","status":"publish","type":"page","link":"http:\/\/therapystudio.eu\/?page_id=101","title":{"rendered":"Nuorodos"},"content":{"rendered":"\n<figure class=\"wp-block-embed is-type-wp-embed is-provider-lietuvos-muzikos-terapijos-asociacija wp-block-embed-lietuvos-muzikos-terapijos-asociacija\"><div class=\"wp-block-embed__wrapper\">\n<blockquote class=\"wp-embedded-content\" data-secret=\"Q7iPqjvazv\"><a href=\"https:\/\/muzikosterapija.lt\/vibroakustine-muzikos-terapija-naujienos-is-suomijos\/\">Vibroakustin\u0117 muzikos terapija: naujienos i\u0161 Suomijos<\/a><\/blockquote><iframe class=\"wp-embedded-content\" sandbox=\"allow-scripts\" security=\"restricted\" style=\"position: absolute; clip: rect(1px, 1px, 1px, 1px);\" title=\"&#8220;Vibroakustin\u0117 muzikos terapija: naujienos i\u0161 Suomijos&#8221; &#8212; Lietuvos muzikos terapijos asociacija\" src=\"https:\/\/muzikosterapija.lt\/vibroakustine-muzikos-terapija-naujienos-is-suomijos\/embed\/#?secret=Q7iPqjvazv\" data-secret=\"Q7iPqjvazv\" width=\"600\" height=\"338\" frameborder=\"0\" marginwidth=\"0\" marginheight=\"0\" scrolling=\"no\"><\/iframe>\n<\/div><figcaption>Pastaba: \u0161iuo keliu einama ne tik Skandinavijoe ar Estijoje, bet jau &#8211; ir Lietuvoje !<\/figcaption><\/figure>\n\n\n\n<p>Naujas tyrimas, atliktas Arizonos universiteto medicinos centre, buvo skirtas \u012fvertinti muzikos poveik\u012f pacientams intensyviosios terapijos skyriuje. Baldwinas, kuris buvo atsakingas u\u017e paciento fiziologin\u0117s funkcijos, kraujosp\u016bd\u017eio ir skausmo ver\u010di\u0173 matavim\u0105 prie\u0161 grojant arfa ir po jos, pasteb\u0117jo, kad <strong>arfos muzika koreguoja kraujosp\u016bd\u012f.<\/strong> Jei paciento kraujosp\u016bdis buvo \u017eemas, jis padid\u0117jo po arfos muzikos.&nbsp;O nedaugeliui, turin\u010diam auk\u0161t\u0105 kraujo spaudim\u0105, jis po to suma\u017e\u0117jo.&nbsp;Pana\u0161u, kad arfos muzika gr\u0105\u017eina pusiausvyr\u0105, normal\u0173 diapazon\u0105, kuris idealiai tinka gydymui. <strong>Tai patvirtina ir m\u016bs\u0173 VMT terapijos seans\u0173 metu atliekami matavimai.<\/strong><\/p>\n\n\n\n<p><a href=\"https:\/\/uanews.arizona.edu\/story\/study-explores-effects-of-harp-music-on-icu-patients\">https:\/\/uanews.arizona.edu\/story\/study-explores-effects-of-harp-music-on-icu-patients<\/a><\/p>\n\n\n\n<p><\/p>\n\n\n\n<figure class=\"wp-block-image\"><img loading=\"lazy\" width=\"580\" height=\"354\" src=\"http:\/\/therapystudio.eu\/wp-content\/uploads\/2019\/11\/R.Binkauskas.jpeg\" alt=\"\" class=\"wp-image-908\" srcset=\"http:\/\/therapystudio.eu\/wp-content\/uploads\/2019\/11\/R.Binkauskas.jpeg 580w, http:\/\/therapystudio.eu\/wp-content\/uploads\/2019\/11\/R.Binkauskas-300x183.jpeg 300w\" sizes=\"(max-width: 580px) 100vw, 580px\" \/><figcaption><a href=\"https:\/\/www.15min.lt\/gyvenimas\/naujiena\/pokalbiai\/gongo-meistras-raimondas-binkauskas-man-ne-akys-o-balsas-yra-zmogaus-sielos-veidrodis-1040-748646\">https:\/\/www.15min.lt\/gyvenimas\/naujiena\/pokalbiai\/gongo-meistras-raimondas-binkauskas-man-ne-akys-o-balsas-yra-zmogaus-sielos-veidrodis-1040-748646<\/a><\/figcaption><\/figure>\n\n\n\n<p><\/p>\n\n\n\n<figure class=\"wp-block-embed is-type-rich is-provider-slideshare wp-block-embed-slideshare wp-embed-aspect-1-1 wp-has-aspect-ratio\"><div class=\"wp-block-embed__wrapper\">\n<iframe title=\"Body mind balance through vibroacoustic therapy\" src=\"https:\/\/www.slideshare.net\/slideshow\/embed_code\/key\/2wdSRUUOsW6Fwe\" width=\"427\" height=\"356\" frameborder=\"0\" marginwidth=\"0\" marginheight=\"0\" scrolling=\"no\" style=\"border:1px solid #CCC; border-width:1px; margin-bottom:5px; max-width: 100%;\" allowfullscreen> <\/iframe> <div style=\"margin-bottom:5px\"> <strong> <a href=\"https:\/\/www.slideshare.net\/AvigailBergPanitzMA\/body-mind-balance-through-vibroacoustic-therapy\" title=\"Body mind balance through vibroacoustic therapy\" target=\"_blank\">Body mind balance through vibroacoustic therapy<\/a> <\/strong> from <strong><a href=\"https:\/\/www.slideshare.net\/AvigailBergPanitzMA\" target=\"_blank\">AviMan<\/a><\/strong> <\/div>\n<\/div><\/figure>\n\n\n\n<figure class=\"wp-block-embed is-type-video is-provider-youtube wp-block-embed-youtube wp-embed-aspect-16-9 wp-has-aspect-ratio\"><div class=\"wp-block-embed__wrapper\">\n<iframe title=\"Music Medicine: Sound At A Cellular Level | Dr. Lee Bartel | TEDxCollingwood\" width=\"640\" height=\"360\" src=\"https:\/\/www.youtube.com\/embed\/wDZgzsQh0Dw?feature=oembed\" frameborder=\"0\" allow=\"accelerometer; autoplay; clipboard-write; encrypted-media; gyroscope; picture-in-picture\" allowfullscreen><\/iframe>\n<\/div><\/figure>\n\n\n\n<figure class=\"wp-block-embed is-type-video is-provider-youtube wp-block-embed-youtube wp-embed-aspect-16-9 wp-has-aspect-ratio\"><div class=\"wp-block-embed__wrapper\">\n<iframe title=\"Music Is Medicine | Michael Boidy | TEDxVail\" width=\"640\" height=\"360\" src=\"https:\/\/www.youtube.com\/embed\/NOFfuLoHoMo?feature=oembed\" frameborder=\"0\" allow=\"accelerometer; autoplay; clipboard-write; encrypted-media; gyroscope; picture-in-picture\" allowfullscreen><\/iframe>\n<\/div><\/figure>\n\n\n\n<p><strong>Garso medicinos ateitis<\/strong> (i\u0161 <a href=\"https:\/\/www.gaia.com\/article\/healing-with-sound-frequency-and-vibration\">https:\/\/www.gaia.com\/article\/healing-with-sound-frequency-and-vibration<\/a> )<br> Cituodamas brit\u0173 fizik\u0105 Colin McClare&#8217;\u0105, dr. Bruce&#8217;as Liptonas pasak\u0117: \u201eInformacij\u0105 gali perne\u0161ti chemija, ir taip pat informacij\u0105 gali perne\u0161ti ir  vibracija. Kyla klausimas, ar vienas b\u016bdas yra geresnis u\u017e kit\u0105?\u201c Liptonas ai\u0161kina, kad chemin\u0117s reakcijos perduoda tik apie du procentus informacijos, kiti 98 procentai i\u0161sisklaido kaip \u0161ilumos nuostoliai. Informacija, perduodama da\u017eniu ir vibracija (energija) siekia beveik 100 procent\u0173. Cheminiai signalai sklinda per skyst\u012f ma\u017edaug vienos p\u0117dos per sekund\u0119 grei\u010diu, tuo tarpu vibracija, rezonansas ir da\u017enis (garsas) juda 186 000 myli\u0173 per sekund\u0119 grei\u010diu. Vizionierius Rudolfas Steineris teig\u0117, kad \u201egryni tonai bus naudojami gydymui iki XX am\u017eiaus pabaigos.\u201c I\u0161 tikr\u0173j\u0173 tai jau atsitiko, ta\u010diau reikia dar daug nuveikti, nustatant, kaip specifiniai garso ir energijos da\u017eniai veikia k\u016bn\u0105, kokiais konkre\u010diais b\u016bdais. Ta\u010diau atsi\u017evelgiant \u012f \u0161iandien vykdom\u0173 tyrim\u0173 skai\u010di\u0173, netur\u0117t\u0173 praeiti daug laiko, kol tradicin\u0117 medicina garso terapijos technologij\u0105 pripa\u017eins galinga papildoma terapija.<\/p>\n\n\n\n<p><strong>Viso k\u016bno vibracin\u0117 terapija diabeto atvejais.<\/strong><\/p>\n\n\n\n<p><a href=\"http:\/\/pancreas.imedpub.com\/alternative-therapeutic-method-for-type-two-diabetes-whole-body-vibration-therapy-a-minireview.php?aid=8988\">http:\/\/pancreas.imedpub.com\/alternative-therapeutic-method-for-type-two-diabetes-whole-body-vibration-therapy-a-minireview.php?aid=8988<\/a><\/p>\n\n\n\n<p>D\u0117l diabeto komplikacij\u0173, kurios \u0161iuo metu yra did\u017eiausia sveikatos prie\u017ei\u016bros problema JAV ir visame pasaulyje, b\u016btina t\u0119sti \u012fvairi\u0173 nauj\u0173 gydymo metod\u0173 paie\u0161k\u0105. WBV (Whole Body Vibration) terapija yra nauja papildoma terapija, kuri gali b\u016bti naudinga pacientams, sergantiems 2-tipo diabetu. Svorio ir glikemijos valdymo pagerinimas klini\u0161kai tur\u0117t\u0173 didel\u0119 \u012ftak\u0105 \u0161iai pacient\u0173 grupei. Inkst\u0173 funkcijos pagerinimas taip pat labai svarbu, nes dabar diabetin\u0117 nefropatija &#8211; pagrindinis patologinis veiksnys, d\u0117l kurio reikalinga inkst\u0173 transplantacija. Gydymas, veikiantis \u0161ios ligos eigos u\u017edegimin\u012f patologin\u012f proces\u0105, gali veikti ir antrines komplikacijas. Periferin\u0117s neuropatijos pasekmi\u0173 suma\u017einimas ne tik pagerint\u0173 ligoni\u0173 gyvenimo kokyb\u0119, suma\u017einant negyjan\u010di\u0173 \u017eaizd\u0173 ar traum\u0173 kiek\u012f, bet ir bendrai,  pager\u0117j\u0119s \u017eaizd\u0173 gijimas tur\u0117t\u0173 did\u017eiul\u0119 \u012ftak\u0105 \u0161ios ligoni\u0173 grup\u0117s sergamumui ir mir\u0161tamumui.<\/p>\n\n\n\n<p>Tolesni tyrimai yra b\u016btini, norint \u012fvertinti naud\u0105, kuri\u0105 WBV terapija, kaip papildomas gydymo b\u016bdas, gal\u0117t\u0173 suteikti 2-tipo diabetikams&#8230;. Nebuvo prane\u0161ta apie neigiam\u0105 WBV terapijos poveik\u012f, ir, kadangi ji gali b\u016bti veiksminga, manome, kad b\u016bt\u0173 neprotinga jos ne\u012ftraukti \u012f pirmin\u0117s sveikatos prie\u017ei\u016bros sistem\u0105.<\/p>\n\n\n\n<figure class=\"wp-block-embed-wordpress wp-block-embed is-type-wp-embed is-provider-psichika-eu\"><div class=\"wp-block-embed__wrapper\">\n<blockquote class=\"wp-embedded-content\" data-secret=\"fmlpPYR6Ow\"><a href=\"https:\/\/psichika.eu\/blog\/galinga-garso-j%c4%97ga\/\">Galinga Garso J\u0117ga<\/a><\/blockquote><iframe class=\"wp-embedded-content\" sandbox=\"allow-scripts\" security=\"restricted\" style=\"position: absolute; clip: rect(1px, 1px, 1px, 1px);\" title=\"\u201eGalinga Garso J\u0117ga\u201c &#8212; Psichologija\" src=\"https:\/\/psichika.eu\/blog\/galinga-garso-j%c4%97ga\/embed\/#?secret=fmlpPYR6Ow\" data-secret=\"fmlpPYR6Ow\" width=\"600\" height=\"338\" frameborder=\"0\" marginwidth=\"0\" marginheight=\"0\" scrolling=\"no\"><\/iframe>\n<\/div><\/figure>\n\n\n\n<p><a href=\"https:\/\/www.sveikaszmogus.lt\/Gydymas-2802\">https:\/\/www.sveikaszmogus.lt\/Gydymas-2802<\/a><\/p>\n\n\n\n<p><a href=\"https:\/\/www.faim.org\/the-therapeutic-use-of-sound-in-alternative-and-conventional-medicine\">https:\/\/www.faim.org\/the-therapeutic-use-of-sound-in-alternative-and-conventional-medicine<\/a><\/p>\n\n\n\n<p><a href=\"http:\/\/pirtis.lt\/lt\/pristatome\/gydymas\/aleksandra-mankievic\">http:\/\/pirtis.lt\/lt\/pristatome\/gydymas\/aleksandra-mankievic<\/a><\/p>\n\n\n\n<figure class=\"wp-block-embed-wordpress wp-block-embed is-type-wp-embed is-provider-canyon-vista-recovery-center\"><div class=\"wp-block-embed__wrapper\">\n<blockquote class=\"wp-embedded-content\" data-secret=\"Jg7DXrVEYQ\"><a href=\"https:\/\/canyonvista.com\/vibroacoustic-therapy-and-addiction-recovery\/\">Vibroacoustic Therapy and Addiction Recovery<\/a><\/blockquote><iframe class=\"wp-embedded-content\" sandbox=\"allow-scripts\" security=\"restricted\" style=\"position: absolute; clip: rect(1px, 1px, 1px, 1px);\" title=\"&#8220;Vibroacoustic Therapy and Addiction Recovery&#8221; &#8212; Canyon Vista Recovery Center\" src=\"https:\/\/canyonvista.com\/vibroacoustic-therapy-and-addiction-recovery\/embed\/#?secret=Jg7DXrVEYQ\" data-secret=\"Jg7DXrVEYQ\" width=\"600\" height=\"338\" frameborder=\"0\" marginwidth=\"0\" marginheight=\"0\" scrolling=\"no\"><\/iframe>\n<\/div><\/figure>\n\n\n\n<p><a href=\"https:\/\/www.healthproductsforyou.com\/ar-benefits-of-vibroacoustic-therapy.html\">https:\/\/www.healthproductsforyou.com\/ar-benefits-of-vibroacoustic-therapy.html<\/a><\/p>\n\n\n\n<p><a href=\"https:\/\/sites.duke.edu\/soundscapes\/2015\/12\/04\/the-effectiveness-of-vibroacoustic-sound-therapy-in-medicine\/\">https:\/\/sites.duke.edu\/soundscapes\/2015\/12\/04\/the-effectiveness-of-vibroacoustic-sound-therapy-in-medicine\/<\/a><\/p>\n\n\n\n<p><a href=\"http:\/\/www.hrpub.org\/download\/20180830\/UJPH2-17611332.pdf\">http:\/\/www.hrpub.org\/download\/20180830\/UJPH2-17611332.pdf<\/a><\/p>\n\n\n\n<figure class=\"wp-block-embed is-type-video is-provider-youtube wp-block-embed-youtube wp-embed-aspect-4-3 wp-has-aspect-ratio\"><div class=\"wp-block-embed__wrapper\">\n<iframe title=\"Vibroacoustics for Seniors on TV\" width=\"640\" height=\"480\" src=\"https:\/\/www.youtube.com\/embed\/_-cSFpkjpoA?feature=oembed\" frameborder=\"0\" allow=\"accelerometer; autoplay; clipboard-write; encrypted-media; gyroscope; picture-in-picture\" allowfullscreen><\/iframe>\n<\/div><\/figure>\n\n\n\n<div class=\"wp-block-image\"><figure class=\"alignleft is-resized\"><img loading=\"lazy\" src=\"http:\/\/therapystudio.eu\/wp-content\/uploads\/2019\/11\/vibrations-and-osteoporosis.jpeg\" alt=\"\" class=\"wp-image-902\" width=\"440\" height=\"386\" srcset=\"http:\/\/therapystudio.eu\/wp-content\/uploads\/2019\/11\/vibrations-and-osteoporosis.jpeg 662w, http:\/\/therapystudio.eu\/wp-content\/uploads\/2019\/11\/vibrations-and-osteoporosis-300x263.jpeg 300w\" sizes=\"(max-width: 440px) 100vw, 440px\" \/><figcaption><a href=\"https:\/\/www.telegraph.co.uk\/science\/2016\/07\/05\/good-vibrations-jiggling-stem-cells-that-turn-into-bone-offer-re\/\">https:\/\/www.telegraph.co.uk\/science\/2016\/07\/05\/good-vibrations-jiggling-stem-cells-that-turn-into-bone-offer-re\/<\/a><\/figcaption><\/figure><\/div>\n\n\n\n<p class=\"has-text-align-center\"><\/p>\n\n\n\n<p><a>Bruscia, K. E., Ed. (1998). The dynamics of music psychotherap<\/a><a>y. Gilsum, NH: Barcelona Publishers. 584 pages. ISBN 1-891278-05-3.<\/a> <\/p>\n\n\n\n<p><a>Campbell D. The Mozart\nEffect: Tapping the Power of Music to Heal the Body, Strengthen the Mind, and\nUnlock the Creative Spirit, 2001<\/a><\/p>\n\n\n\n<p><a>Campbell, D. Music:\nPhysician for Times to Come. London: Quest Books, 1991.<\/a><\/p>\n\n\n\n<p><a>Pratt, R., Jones R. Music\nand medicine: A partnership in history. In J Arts Med, 1988; 6: 377-389.<\/a><\/p>\n\n\n\n<p><a>Hooper J. An introduction\nto vibroacoustic therapy and an examination of its place in music therapy\npractice. Br J Music Ther 2001;5: 69-77.<\/a><\/p>\n\n\n\n<p><a>Skille O. Manual of\nvibroacoustic therapy. Levanger, Norway: ISVA Publications, 1991.<\/a><\/p>\n\n\n\n<p><a>Online document at:\nquadrillo.tripod.com\/~quadrillo\/ndex-4.html.<\/a><\/p>\n\n\n\n<p><a>Lehikoinen, Petri. The\nphysioacoustic method. In: Wigram T, Dileo C, eds. Music Vibration and Health,\nCherry Hill, NJ: Jeffrey Books, 1997; 209-216.<\/a><\/p>\n\n\n\n<p><a>Patrick G. The effects of\nvibroacoustic music on symptom reduction: inducing the relaxation response\nthrough good vibrations. IEE Eng Med Biol Mag 1999;18: 97-100.<\/a><\/p>\n\n\n\n<p><a>Brewer C. Boyd, Coope V.\nEffectiveness of vibroacoustic music for pain and symptom management in\noutpatient chemotherapy treatment. First International Institute on Arts in\nHealing, May 16-17, 2003. Christine E. Lynn College of Nursing, Florida\nAtlantic University, Boynton Beach, FL<\/a><\/p>\n\n\n\n<p><a>Walters C. The\npsychological and physiological effects of vibrotactile stimulation via a\nSomatron, on patients awaiting scheduled gynecological surgery. J Music\nTher1996;33: 261-287.<\/a><\/p>\n\n\n\n<p><a>Brewer C. The Somatron\nPain and Anxiety Management Program. The Somatron Corporation, 2000.<\/a><\/p>\n\n\n\n<p><a>Chesky KS, Michel DE. The\nMusic Vibration Table (MVT): Developing a technology and conceptual model for\npain relief. Music Ther Perspect 1991;9: 32-37.<\/a><\/p>\n\n\n\n<p><a>Chesky KS, Michel DE,\n&amp; Kondraske G. Developing methods and techniques for scientific and medical\napplication of music vibration. In: Spintge R, Dron Reds. Music Medicine, vol\n2. St. Louis, MO: MMB Music. 1996;2: 227-241.<\/a><\/p>\n\n\n\n<p><a>Wigram, T. The effects of\nvibroacoustic therapy on clinical and non-clinical populations [doctoroal\ndissertation, St. George&#8217;s Medical School, London University 1996]. Online\ndocument at: quadrillo.tripod.com\/~quadrillo\/index-4.html<\/a><\/p>\n\n\n\n<p><a>Wigram T. The development\nof vibroacoustic therapy. In: Wigram T, Dileo C, eds. Music Vibration and\nHealth, Cherry Hill, NJ: Jeffrey Books, 1997: 11-26.<\/a><\/p>\n\n\n\n<p><a>Lundenberg T, Nordemarr R,\nOttoson D. Pain alleviation by vibratory stimulation. Pain 1984;20: 2-44.<\/a><\/p>\n\n\n\n<p><a>Quillian TA, Sato M. The\ndistribution of myelin and nerve fibres from Pacinian Corpuscles. J Physiol,\n1955;129: 167-176.<\/a><\/p>\n\n\n\n<p><a>Hubbard SJ. A study of\nrapid mechanical events in a mechanoreceptor. J Physiol 1958;141: 198-218.<\/a><\/p>\n\n\n\n<p><a>Dileo C. The context of\nmusic and medicine. In: Wigram T, Dileo C, eds. Music Vibration and Health.\nCherry Hill, NJ: Jeffrey Books, 1997: 37-48.<\/a><\/p>\n\n\n\n<p><a>Stephen Deuel \u2013 Inner\nSoulutions \u2013 Vibroacoustic.org<\/a><\/p>\n\n\n\n<p><a>Lili Nghdi, MD CCFP. The\neffect of low-frequency sound stimulation on patients with fibromyalgia: A\nclinical study.<\/a><\/p>\n\n\n\n<figure class=\"wp-block-embed is-type-video is-provider-youtube wp-block-embed-youtube wp-embed-aspect-16-9 wp-has-aspect-ratio\"><div class=\"wp-block-embed__wrapper\">\n<iframe title=\"Hang Massive - Goa Garden Live Concert\" width=\"640\" height=\"360\" src=\"https:\/\/www.youtube.com\/embed\/TDqLEl3yp8I?feature=oembed\" frameborder=\"0\" allow=\"accelerometer; autoplay; clipboard-write; encrypted-media; gyroscope; picture-in-picture\" allowfullscreen><\/iframe>\n<\/div><\/figure>\n\n\n\n<figure class=\"wp-block-embed is-type-wp-embed is-provider-iterpiniai-embeds wp-block-embed-iterpiniai-embeds\"><div class=\"wp-block-embed__wrapper\">\n<blockquote class=\"wp-embedded-content\" data-secret=\"Qqh1azH3Ms\"><a href=\"http:\/\/therapystudio.eu\/?page_id=511\">Login<\/a><\/blockquote><iframe class=\"wp-embedded-content\" sandbox=\"allow-scripts\" security=\"restricted\" style=\"position: absolute; clip: rect(1px, 1px, 1px, 1px);\" title=\"\u201eLogin\u201c &#8212; \" src=\"http:\/\/therapystudio.eu\/?page_id=511&#038;embed=true#?secret=Qqh1azH3Ms\" data-secret=\"Qqh1azH3Ms\" width=\"600\" height=\"338\" frameborder=\"0\" marginwidth=\"0\" marginheight=\"0\" scrolling=\"no\"><\/iframe>\n<\/div><\/figure>\n","protected":false},"excerpt":{"rendered":"<p>Naujas tyrimas, atliktas Arizonos universiteto medicinos centre, buvo skirtas \u012fvertinti muzikos poveik\u012f pacientams intensyviosios terapijos skyriuje. Baldwinas, kuris buvo atsakingas u\u017e paciento fiziologin\u0117s funkcijos, kraujosp\u016bd\u017eio ir skausmo ver\u010di\u0173 matavim\u0105 prie\u0161 grojant arfa ir po jos, pasteb\u0117jo, kad arfos muzika koreguoja kraujosp\u016bd\u012f. Jei paciento kraujosp\u016bdis buvo \u017eemas, jis padid\u0117jo po arfos muzikos.&nbsp;O nedaugeliui, turin\u010diam auk\u0161t\u0105 kraujo [&hellip;]<\/p>\n","protected":false},"author":1,"featured_media":0,"parent":0,"menu_order":0,"comment_status":"closed","ping_status":"closed","template":"","meta":{"spay_email":""},"_links":{"self":[{"href":"http:\/\/therapystudio.eu\/index.php?rest_route=\/wp\/v2\/pages\/101"}],"collection":[{"href":"http:\/\/therapystudio.eu\/index.php?rest_route=\/wp\/v2\/pages"}],"about":[{"href":"http:\/\/therapystudio.eu\/index.php?rest_route=\/wp\/v2\/types\/page"}],"author":[{"embeddable":true,"href":"http:\/\/therapystudio.eu\/index.php?rest_route=\/wp\/v2\/users\/1"}],"replies":[{"embeddable":true,"href":"http:\/\/therapystudio.eu\/index.php?rest_route=%2Fwp%2Fv2%2Fcomments&post=101"}],"version-history":[{"count":24,"href":"http:\/\/therapystudio.eu\/index.php?rest_route=\/wp\/v2\/pages\/101\/revisions"}],"predecessor-version":[{"id":1305,"href":"http:\/\/therapystudio.eu\/index.php?rest_route=\/wp\/v2\/pages\/101\/revisions\/1305"}],"wp:attachment":[{"href":"http:\/\/therapystudio.eu\/index.php?rest_route=%2Fwp%2Fv2%2Fmedia&parent=101"}],"curies":[{"name":"wp","href":"https:\/\/api.w.org\/{rel}","templated":true}]}}